{"id":621,"date":"2019-02-25T15:34:08","date_gmt":"2019-02-25T15:34:08","guid":{"rendered":"https:\/\/demo.ovatheme.com\/howdy\/?page_id=8"},"modified":"2024-05-21T21:33:49","modified_gmt":"2024-05-21T21:33:49","slug":"spende","status":"publish","type":"page","link":"https:\/\/geldhep.com\/","title":{"rendered":"Spende"},"content":{"rendered":"\t\t<div data-elementor-type=\"wp-post\" data-elementor-id=\"621\" class=\"elementor elementor-621\">\n\t\t\t\t\t\t<section class=\"elementor-section elementor-top-section elementor-element elementor-element-a1f9216 elementor-section-full_width elementor-section-height-default elementor-section-height-default\" data-id=\"a1f9216\" data-element_type=\"section\" data-e-type=\"section\" id=\"home\">\n\t\t\t\t\t\t<div class=\"elementor-container elementor-column-gap-no\">\n\t\t\t\t\t<div class=\"elementor-column elementor-col-100 elementor-top-column elementor-element elementor-element-69ea456\" data-id=\"69ea456\" data-element_type=\"column\" data-e-type=\"column\">\n\t\t\t<div class=\"elementor-widget-wrap\">\n\t\t\t\t\t\t\t<\/div>\n\t\t<\/div>\n\t\t\t\t\t<\/div>\n\t\t<\/section>\n\t\t\t\t<section class=\"elementor-section elementor-top-section elementor-element elementor-element-e0b761a elementor-section-full_width elementor-section-height-default elementor-section-height-default\" data-id=\"e0b761a\" data-element_type=\"section\" data-e-type=\"section\" data-settings=\"{&quot;background_background&quot;:&quot;classic&quot;}\">\n\t\t\t\t\t\t\t<div class=\"elementor-background-overlay\"><\/div>\n\t\t\t\t\t\t\t<div class=\"elementor-container elementor-column-gap-default\">\n\t\t\t\t\t<div class=\"elementor-column elementor-col-100 elementor-top-column elementor-element elementor-element-05fedeb\" data-id=\"05fedeb\" data-element_type=\"column\" data-e-type=\"column\">\n\t\t\t<div class=\"elementor-widget-wrap elementor-element-populated\">\n\t\t\t\t\t\t<div class=\"elementor-element elementor-element-b168c6f elementor-widget elementor-widget-ova_banner_1\" data-id=\"b168c6f\" data-element_type=\"widget\" data-e-type=\"widget\" data-widget_type=\"ova_banner_1.default\">\n\t\t\t\t<div class=\"elementor-widget-container\">\n\t\t\t\t\t\t\t<div class=\"ova-banner-1\">\n\t\t\t<div class=\"home-section\" id=\"home_wrapper\" style=\"\n\t\t\t\t    background: #7566e3;\n\t\t\t\t    background: -webkit-linear-gradient(left top, #7566e3, #ce4d86);\n\t\t\t\t    background: -o-linear-gradient(bottom right, #7566e3, #ce4d86);\n\t\t\t\t    background: -moz-linear-gradient(bottom right, #7566e3, #ce4d86);\n\t\t\t\t    background: linear-gradient(to bottom right, #7566e3, #ce4d86);\n\t\t\t\t    background-size: cover;\n\t\t\t\">\n\t\t\t\t<!--begin container -->\n\t\t\t\t<div class=\"container\">\n\t\t\t\t\t<!--begin row -->\n\t\t\t\t\t<div class=\"row\">\n\t\t\t\t\t\t<!--begin col-md-7-->\n\t\t\t\t\t\t<div class=\"col-md-7 padding-top-40\">\n\t\t\t\t\t\t\t<h1 data-animation='fadeInUp' data-animation_dur='1000' style='animation-duration: 1000ms; opacity: 1;' class=\"animated elementor-slide-title fadeInUp\"  >Z\u00f6gern Sie nicht, diese einmalige Gelegenheit zu nutzen.<\/h1>\n\t\t\t\t\t\t\t<p data-animation='fadeInUp' data-animation_dur='1500' style='animation-duration: 1500ms; opacity: 1;'  class=\"animated elementor-slide-sub-title fadeInUp\" >Lassen Sie sich diese einmalige Gelegenheit nicht entgehen, Ihre finanzielle Situation und die Ihrer Mitmenschen zu verbessern.<\/p>\n\t\t\t\t\t\t\t<ul class=\"home-benefits \" >\n\t\t\t\t\t\t\t\t\t\t\t\t\t\t\t\t\t\t\t\t\t\t\t\t\t\t<li data-animation='fadeInUp' class=\"animated elementor-slide-desc fadeInUp\" data-animation_dur=\"2000\" style=\"animation-duration: 2000ms; opacity: 1;\" ><i class=\"fa fa-check\"><\/i>Verwirklichen Sie endlich Ihre Tr\u00e4ume.<\/li>\n\t\t\t\t\t\t\t\t\t\t\t\t\t\t\t\t\t\t\t\t\t\t\t\t\t\t\t<li data-animation='fadeInUp' class=\"animated elementor-slide-desc fadeInUp\" data-animation_dur=\"2500\" style=\"animation-duration: 2500ms; opacity: 1;\" ><i class=\"fa fa-check\"><\/i>Ja, Sie k\u00f6nnen von uns eine finanzielle Spende erhalten.<\/li>\n\t\t\t\t\t\t\t\t\t\t\t\t\t\t\t\t\t\t\t\t\t\t\t\t\t\t\t<li data-animation='fadeInUp' class=\"animated elementor-slide-desc fadeInUp\" data-animation_dur=\"3000\" style=\"animation-duration: 3000ms; opacity: 1;\" ><i class=\"fa fa-check\"><\/i>Holen Sie sich bis zu 1 Million Euro.<\/li>\n\t\t\t\t\t\t\t\t\t\t\t\t\t\t\t\t<\/ul>\n\t\t\t\t\t\t<\/div>\n\t\t\t\t\t\t<!--end col-md-7-->\n\t\t\t\t\t\t<!--begin col-md-5-->\n\t\t\t\t\t\t<div class=\"col-md-5\">\n\n\t\t\t\t\t\t\t<div data-animation='fadeInUp' data-animation_dur='500' style='animation-duration: 500ms; opacity: 1;' class=\"wp-form-register animated elementor-slide-form fadeInUp\" >\n\t\t\t\t\t\t\t\t<h3><\/h3>\n\t\t\t\t\t\t\t\t<div class=\"ova-form-register\">\n\t\t\t\t\t\t\t\t\tBitte f\u00fcllen Sie das Formular unten auf der Seite aus.\t\t\t\t\t\t\t\t<\/div>\n\t\t\t\t\t\t\t<\/div>\n\t\t\t\t\t\t<\/div>\n\t\t\t\t\t\t<!--end col-md-5-->\n\t\t\t\t\t<\/div>\n\t\t\t\t\t<!--end row -->\n\t\t\t\t<\/div>\n\t\t\t\t<!--end container -->\n\t\t\t<\/div>\n\t\t\t<!--end home section -->\n\t\t<\/div>\n\t\t\n\t\t\n\t\t\t\t\t\t<\/div>\n\t\t\t\t<\/div>\n\t\t\t\t<div class=\"elementor-element elementor-element-5052876 elementor-invisible elementor-widget elementor-widget-ova_testimonial_carousel\" data-id=\"5052876\" data-element_type=\"widget\" data-e-type=\"widget\" data-settings=\"{&quot;autoplay_speed&quot;:6000,&quot;_animation&quot;:&quot;fadeInUp&quot;,&quot;_animation_delay&quot;:100,&quot;pause_on_hover&quot;:&quot;yes&quot;,&quot;infinite&quot;:&quot;yes&quot;,&quot;autoplay&quot;:&quot;yes&quot;}\" data-widget_type=\"ova_testimonial_carousel.default\">\n\t\t\t\t<div class=\"elementor-widget-container\">\n\t\t\t\t\t\n\t\t<div class=\"ova-testimonial-carousel\">\n\t\t\t<div class=\"wp-ova-testimonial\">\n\t\t\t\t<div class=\"list-testimonial slide-testimonial owl-carousel\" data-options=\"{&quot;slideBy&quot;:&quot;1&quot;,&quot;margin&quot;:30,&quot;autoplayHoverPause&quot;:true,&quot;loop&quot;:true,&quot;autoplay&quot;:true,&quot;autoplayTimeout&quot;:6000,&quot;smartSpeed&quot;:500}\">\n\t\t\t\t\t\t\t\t\t\t\t<div class=\"item\">\n\t\t\t\t\t\t\t<div class=\"testim-inner\">\n\n\t\t\t\t\t\t\t\t<img decoding=\"async\" src=\"https:\/\/demo.ovatheme.com\/howdy\/wp-content\/uploads\/2019\/02\/testimonials.jpg\" alt=\"Ich m\u00f6chte meine erstaunliche Erfahrung teilen, nachdem ich eine Geldspende erhalten habe. Dank der Gro\u00dfz\u00fcgigkeit eines Menschen mit gro\u00dfem Herzen nahm mein Leben eine unerwartete und positive Wendung.\n\nDer Erhalt dieser Spende war weit mehr als nur eine finanzielle Hilfe. Es war ein wahrer Balsam f\u00fcr meine Seele, ein Zeichen der Hoffnung in Zeiten, in denen alles dunkel schien. Durch diese Gelegenheit konnte ich Hindernisse \u00fcberwinden, mit denen ich schon lange konfrontiert war, und mich darauf konzentrieren, eine bessere Zukunft f\u00fcr mich und meine Familie aufzubauen.\" class=\"testim-img\">\n\n\t\t\t\t\t\t\t\t<p>Ich m\u00f6chte meine erstaunliche Erfahrung teilen, nachdem ich eine Geldspende erhalten habe. Dank der Gro\u00dfz\u00fcgigkeit eines Menschen mit gro\u00dfem Herzen nahm mein Leben eine unerwartete und positive Wendung.\n\nDer Erhalt dieser Spende war weit mehr als nur eine finanzielle Hilfe. Es war ein wahrer Balsam f\u00fcr meine Seele, ein Zeichen der Hoffnung in Zeiten, in denen alles dunkel schien. Durch diese Gelegenheit konnte ich Hindernisse \u00fcberwinden, mit denen ich schon lange konfrontiert war, und mich darauf konzentrieren, eine bessere Zukunft f\u00fcr mich und meine Familie aufzubauen.<\/p>\n\n\t\t\t\t\t\t\t\t<h6>Jen<span class=\"job-text\"><\/span><\/h6>\n\n\t\t\t\t\t\t\t<\/div>\n\t\t\t\t\t\t<\/div>\n\t\t\t\t\t\t\t\t\t\t\t<div class=\"item\">\n\t\t\t\t\t\t\t<div class=\"testim-inner\">\n\n\t\t\t\t\t\t\t\t<img decoding=\"async\" src=\"https:\/\/demo.ovatheme.com\/howdy\/wp-content\/uploads\/2019\/02\/team2a.jpg\" alt=\"Ich m\u00f6chte der Person, die dies m\u00f6glich gemacht hat, meinen tiefen Dank aussprechen. Ihre Gro\u00dfz\u00fcgigkeit hatte einen gro\u00dfen Einfluss auf mein Leben und inspirierte mich, diese Freundlichkeit weiterzugeben, indem ich den Bed\u00fcrftigen half.\n\nWenn Sie das Gl\u00fcck haben, eine solche Spende zu erhalten, empfehle ich Ihnen dringend, diese Gelegenheit zu nutzen. Es mag auf den ersten Blick unglaublich erscheinen, aber manchmal geschehen Wunder, wenn man sie am wenigsten erwartet.\" class=\"testim-img\">\n\n\t\t\t\t\t\t\t\t<p>Ich m\u00f6chte der Person, die dies m\u00f6glich gemacht hat, meinen tiefen Dank aussprechen. Ihre Gro\u00dfz\u00fcgigkeit hatte einen gro\u00dfen Einfluss auf mein Leben und inspirierte mich, diese Freundlichkeit weiterzugeben, indem ich den Bed\u00fcrftigen half.\n\nWenn Sie das Gl\u00fcck haben, eine solche Spende zu erhalten, empfehle ich Ihnen dringend, diese Gelegenheit zu nutzen. Es mag auf den ersten Blick unglaublich erscheinen, aber manchmal geschehen Wunder, wenn man sie am wenigsten erwartet.<\/p>\n\n\t\t\t\t\t\t\t\t<h6>Alexandra<span class=\"job-text\"><\/span><\/h6>\n\n\t\t\t\t\t\t\t<\/div>\n\t\t\t\t\t\t<\/div>\n\t\t\t\t\t\t\t\t\t\t\t<div class=\"item\">\n\t\t\t\t\t\t\t<div class=\"testim-inner\">\n\n\t\t\t\t\t\t\t\t<img decoding=\"async\" src=\"https:\/\/demo.ovatheme.com\/howdy\/wp-content\/uploads\/2019\/02\/team1a.jpg\" alt=\"Ich hoffe aufrichtig, dass andere Bed\u00fcrftige, genau wie ich, von Ihrer Gro\u00dfz\u00fcgigkeit und Unterst\u00fctzung profitieren k\u00f6nnen. Sie haben mein Leben wirklich positiv beeinflusst und ich bin Ihnen unendlich dankbar.\" class=\"testim-img\">\n\n\t\t\t\t\t\t\t\t<p>Ich hoffe aufrichtig, dass andere Bed\u00fcrftige, genau wie ich, von Ihrer Gro\u00dfz\u00fcgigkeit und Unterst\u00fctzung profitieren k\u00f6nnen. Sie haben mein Leben wirklich positiv beeinflusst und ich bin Ihnen unendlich dankbar.<\/p>\n\n\t\t\t\t\t\t\t\t<h6>John<span class=\"job-text\"><\/span><\/h6>\n\n\t\t\t\t\t\t\t<\/div>\n\t\t\t\t\t\t<\/div>\n\t\t\t\t\t\t\t\t\t<\/div>\n\t\t\t<\/div>\n\t\t<\/div>\n\t\t<!-- end .ova-project-carousel -->\n\n\t\t\t\t\t\t<\/div>\n\t\t\t\t<\/div>\n\t\t\t\t\t<\/div>\n\t\t<\/div>\n\t\t\t\t\t<\/div>\n\t\t<\/section>\n\t\t\t\t<section class=\"elementor-section elementor-top-section elementor-element elementor-element-068ae4a elementor-section-boxed elementor-section-height-default elementor-section-height-default\" data-id=\"068ae4a\" data-element_type=\"section\" data-e-type=\"section\" id=\"get_start\" data-settings=\"{&quot;background_background&quot;:&quot;classic&quot;}\">\n\t\t\t\t\t\t<div class=\"elementor-container elementor-column-gap-default\">\n\t\t\t\t\t<div class=\"elementor-column elementor-col-100 elementor-top-column elementor-element elementor-element-6b0f600\" data-id=\"6b0f600\" data-element_type=\"column\" data-e-type=\"column\">\n\t\t\t<div class=\"elementor-widget-wrap elementor-element-populated\">\n\t\t\t\t\t\t<div class=\"elementor-element elementor-element-b781130 elementor-widget elementor-widget-ova_heading\" data-id=\"b781130\" data-element_type=\"widget\" data-e-type=\"widget\" data-widget_type=\"ova_heading.default\">\n\t\t\t\t<div class=\"elementor-widget-container\">\n\t\t\t\t\t\t\t<div class=\"ova-heading\">\n\t\t\t\t\t\t\t<h2 class=\"heading-title second_font\">Bitten Sie um eine Geldspende<\/h2>\n\t\t\t\t\t\t\t\t\t\t<p class=\"sub-title\">Profitieren Sie von einer kostenlosen Geldspende von 500.000 bis 1.000.000 Euro unserer verschiedenen G\u00f6nner.\nVersuchen Sie jetzt Ihr Gl\u00fcck, indem Sie das Formular ausf\u00fcllen, um von einer Geldspende zu profitieren.<\/p>\n\t\t\t\t\t<\/div>\n\t\t\t\t\t\t<\/div>\n\t\t\t\t<\/div>\n\t\t\t\t<div class=\"elementor-element elementor-element-ea69d2d elementor-widget elementor-widget-shortcode\" data-id=\"ea69d2d\" data-element_type=\"widget\" data-e-type=\"widget\" data-widget_type=\"shortcode.default\">\n\t\t\t\t<div class=\"elementor-widget-container\">\n\t\t\t\t\t\t\t<div class=\"elementor-shortcode\">\n<div class=\"wpcf7 no-js\" id=\"wpcf7-f199-o1\" lang=\"en-US\" dir=\"ltr\" data-wpcf7-id=\"199\">\n<div class=\"screen-reader-response\"><p role=\"status\" aria-live=\"polite\" aria-atomic=\"true\"><\/p> <ul><\/ul><\/div>\n<form action=\"\/index.php?rest_route=%2Fwp%2Fv2%2Fpages%2F621#wpcf7-f199-o1\" method=\"post\" class=\"wpcf7-form init\" aria-label=\"Contact form\" novalidate=\"novalidate\" data-status=\"init\">\n<fieldset class=\"hidden-fields-container\"><input type=\"hidden\" name=\"_wpcf7\" value=\"199\" \/><input type=\"hidden\" name=\"_wpcf7_version\" value=\"6.1.5\" \/><input type=\"hidden\" name=\"_wpcf7_locale\" value=\"en_US\" \/><input type=\"hidden\" name=\"_wpcf7_unit_tag\" value=\"wpcf7-f199-o1\" \/><input type=\"hidden\" name=\"_wpcf7_container_post\" value=\"0\" \/><input type=\"hidden\" name=\"_wpcf7_posted_data_hash\" value=\"\" \/>\n<\/fieldset>\n<div class=\"howdy-message row\">\n\t<div class=\"info col-md-6\">\n\t\t<div>\n\t\t\t<p><span class=\"wpcf7-form-control-wrap\" data-name=\"your-name\"><input size=\"40\" maxlength=\"400\" class=\"wpcf7-form-control wpcf7-text wpcf7-validates-as-required\" aria-required=\"true\" aria-invalid=\"false\" placeholder=\"Name*\" value=\"\" type=\"text\" name=\"your-name\" \/><\/span>\n\t\t\t<\/p>\n\t\t<\/div>\n\t\t<div>\n\t\t\t<p><span class=\"wpcf7-form-control-wrap\" data-name=\"your-email\"><input size=\"40\" maxlength=\"400\" class=\"wpcf7-form-control wpcf7-email wpcf7-validates-as-required wpcf7-text wpcf7-validates-as-email\" aria-required=\"true\" aria-invalid=\"false\" placeholder=\"E-Mail-Adresse*\" value=\"\" type=\"email\" name=\"your-email\" \/><\/span>\n\t\t\t<\/p>\n\t\t<\/div>\n\t\t<div class=\"phone\">\n\t\t\t<p><span class=\"wpcf7-form-control-wrap\" data-name=\"your-phone\"><input size=\"40\" maxlength=\"400\" class=\"wpcf7-form-control wpcf7-text wpcf7-validates-as-required\" aria-required=\"true\" aria-invalid=\"false\" placeholder=\"Telefonnummer*\" value=\"\" type=\"text\" name=\"your-phone\" \/><\/span>\n\t\t\t<\/p>\n\t\t<\/div>\n\t<\/div>\n\t<div class=\"message col-md-6\">\n\t\t<p><span class=\"wpcf7-form-control-wrap\" data-name=\"your-message\"><textarea cols=\"40\" rows=\"10\" maxlength=\"2000\" class=\"wpcf7-form-control wpcf7-textarea\" aria-invalid=\"false\" placeholder=\"Ihre Nachricht...\" name=\"your-message\"><\/textarea><\/span>\n\t\t<\/p>\n\t<\/div>\n\t<div class=\"col-md-12 text-center\">\n\t\t<p><input class=\"wpcf7-form-control wpcf7-submit has-spinner contact-submit\" type=\"submit\" value=\"Senden\" \/>\n\t\t<\/p>\n\t<\/div>\n<\/div><div class=\"wpcf7-response-output\" aria-hidden=\"true\"><\/div>\n<\/form>\n<\/div>\n<\/div>\n\t\t\t\t\t\t<\/div>\n\t\t\t\t<\/div>\n\t\t\t\t\t<\/div>\n\t\t<\/div>\n\t\t\t\t\t<\/div>\n\t\t<\/section>\n\t\t\t\t<\/div>\n\t\t","protected":false},"excerpt":{"rendered":"<p>Z\u00f6gern Sie nicht, diese einmalige Gelegenheit zu nutzen. Lassen Sie sich diese einmalige Gelegenheit nicht entgehen, Ihre finanzielle Situation und die Ihrer Mitmenschen zu verbessern. Verwirklichen Sie endlich Ihre Tr\u00e4ume. Ja, Sie k\u00f6nnen von uns eine finanzielle Spende erhalten. Holen Sie sich bis zu 1 Million Euro. Bitte f\u00fcllen Sie das Formular unten auf der [&hellip;]<\/p>\n","protected":false},"author":1,"featured_media":0,"parent":0,"menu_order":0,"comment_status":"closed","ping_status":"closed","template":"elementor_header_footer","meta":{"_monsterinsights_skip_tracking":false,"_monsterinsights_sitenote_active":false,"_monsterinsights_sitenote_note":"","_monsterinsights_sitenote_category":0,"footnotes":""},"class_list":["post-621","page","type-page","status-publish","hentry"],"aioseo_notices":[],"_links":{"self":[{"href":"https:\/\/geldhep.com\/index.php?rest_route=\/wp\/v2\/pages\/621","targetHints":{"allow":["GET"]}}],"collection":[{"href":"https:\/\/geldhep.com\/index.php?rest_route=\/wp\/v2\/pages"}],"about":[{"href":"https:\/\/geldhep.com\/index.php?rest_route=\/wp\/v2\/types\/page"}],"author":[{"embeddable":true,"href":"https:\/\/geldhep.com\/index.php?rest_route=\/wp\/v2\/users\/1"}],"replies":[{"embeddable":true,"href":"https:\/\/geldhep.com\/index.php?rest_route=%2Fwp%2Fv2%2Fcomments&post=621"}],"version-history":[{"count":41,"href":"https:\/\/geldhep.com\/index.php?rest_route=\/wp\/v2\/pages\/621\/revisions"}],"predecessor-version":[{"id":687,"href":"https:\/\/geldhep.com\/index.php?rest_route=\/wp\/v2\/pages\/621\/revisions\/687"}],"wp:attachment":[{"href":"https:\/\/geldhep.com\/index.php?rest_route=%2Fwp%2Fv2%2Fmedia&parent=621"}],"curies":[{"name":"wp","href":"https:\/\/api.w.org\/{rel}","templated":true}]}}